Suppose -2*z = 5*v - 11, 0*z = -2*v + 5*z + 16. Let c(r) = 266 - 265 + r**3 + v*r**2 - 11*r**2 + 9*r. What is c(7)?
15
Let b(x) = -x**3 + 2*x**2 - x - 1. Let i(f) = f**3 - f**2 - f - 1. Let n(u) = -b(u) - 2*i(u). Calculate n(-3).
21
Let l be 2/6 + (-1)/3. Let c(f) = -5*f**3 + 11*f**2 + 5*f + 4. Let j(r) = -4*r**3 + 9*r**2 + 4*r + 3. Let x(o) = -5*c(o) + 6*j(o). Calculate x(l).
-2
Let z(b) = -178 - 2*b + 3*b**3 + 181 - 3*b**2 - 2*b**3. Let i = 9 - 7. Determine z(i).
-5
Let c(s) = 2*s + 5. Let g(r) = 2*r**3 - 51*r**2 - 26*r + 7. Let i be g(26). What is c(i)?
19
Let w(l) be the third derivative of -l**6/120 + 2*l**5/15 - l**4/8 + 5*l**3/3 + 7*l**2 - 1. Calculate w(8).
-14
Let n(a) be the first derivative of a**5/20 - 5*a**4/12 + 7*a**3/6 - 2*a**2 + 14*a + 14. Let q(l) be the first derivative of n(l). What is q(4)?
8
Let v(i) be the second derivative of i**3/2 - 9*i**2/2 + 37*i - 6. Give v(7).
12
Let o be (0 + 1)*10 - 5. Let a(x) = -x**3 + 3*x**2 + 2*x - 5. What is a(o)?
-45
Let s(b) be the first derivative of b**2/2 - 8*b - 1. Let i(g) = -g**3 - 12*g**2 - 8*g + 38. Let l be i(-11). Give s(l).
-3
Let t(y) be the third derivative of 0 + 1/120*y**6 + 1/60*y**5 + 1/24*y**4 + 0*y - 3*y**2 + 0*y**3. Suppose 0 = 5*x - 5*d + 3*d, 3*x - d = 0. Calculate t(x).
0
Let g(q) = 3*q - 12. Suppose -4 = 3*x - 4*x, p + x - 11 = 0. Calculate g(p).
9
Let i(b) = 5*b**2 - 1490*b + b**3 + 0*b**3 + 1491*b. Calculate i(-5).
-5
Let t = 62 - 64. Let u(i) = 2*i**2 + 2*i - 1. What is u(t)?
3
Suppose 4*c - 2708 = 4*b, 1763 = 3*c - 4*b - 266. Let n(k) = 0 - c*k + 670*k - 1. Determine n(1).
-10
Let b(a) = 2*a**2 - 2*a - 5. Let k be -51*12/288 + 2/16. Determine b(k).
7
Suppose b + 3*v + 5 = 0, v + 2 = -0. Suppose 4*h - 5 + b = 0. Let u(j) be the third derivative of -j**6/120 - j**4/24 + j**3/6 - 4*j**2. Give u(h).
-1
Suppose -a + 8 - 3 = 0. Let l(h) be the second derivative of -h**3/6 + 3*h**2/2 + 4*h. What is l(a)?
-2
Let v(q) be the third derivative of -2*q**2 - 1/2*q**3 + 1/60*q**6 - 1/6*q**4 + 0*q + 1/60*q**5 + 0. Give v(-2).
-7
Let u be ((-4)/(-8))/(1/10). Let b(r) = r - 9. Let q be b(u). Let v(l) = -2*l + 2*l - l. Calculate v(q).
4
Suppose 136 = -6*d + 14*d. Let v(u) = d + u**2 - 4*u**2 - 15. Determine v(-2).
-10
Let o(t) = -17*t**3 - 12*t**2 - 15*t - 8. Let h(d) = 13*d**3 + 12*d**2 + 14*d + 7. Let y(a) = -4*h(a) - 3*o(a). Determine y(-11).
-4
Let x(v) = 2*v**3 - 19*v**2 - v - 9. Let k(n) = -3*n**3 + 35*n**2 + n + 17. Let u(h) = -4*k(h) - 7*x(h). Give u(-4).
-1
Let q(z) = 7*z**2 - 7*z + 7. Let a be 4 - (23 - (3 - 5)). Let t = a - -16. Let h(r) = 3*r**2 - 3*r + 3. Let p(y) = t*h(y) + 2*q(y). What is p(2)?
-3
Let a = -9 + 10. Suppose 2*t = t + a. Suppose -3*r = m - t - 4, 0 = 5*m - 3*r + 11. Let v(k) = k. Determine v(m).
-1
Let y(a) = -a - 55. Suppose 75 = -5*j + 75. Give y(j).
-55
Suppose 0 = -5*o - 15 + 10. Let a be 0/2 - o*(-4 - -5). Let t(r) = -6*r. Determine t(a).
-6
Let k(q) be the third derivative of -q**7/5040 - q**6/240 + q**5/20 - 14*q**2. Let s(v) be the third derivative of k(v). What is s(-3)?
0
Let u(b) = -12*b**2. Let o be u(-1). Let j be (o/15)/((-1)/10). Suppose -5*a - 12 = -j*a. Let k(t) = -t**2 + 3*t + 2. Calculate k(a).
-2
Let b(z) = -z**2 - 11*z - 12. Let q be b(-9). Let a(t) = 3 + q*t - 5 - t**2 - 4. Let w = 168 + -164. What is a(w)?
2
Let j(r) = -r - r + 3*r. Suppose 1 + 3 = 4*y. Let z(g) = 6*g. Let i(d) = y*z(d) - 3*j(d). What is i(4)?
12
Let o = 9 - 15. Let k be ((-3)/4)/(o/24). Suppose -4*y + 6 = -k*y. Let z(i) = -i**2 + 4*i + 7. Give z(y).
-5
Let y(i) = 1 - 4 - i**2 + 5 + 0*i + 3*i. Suppose z - 2 = 0, -x - 12 = -4*x + 3*z. What is y(x)?
-16
Let w be -65 - -4*((-15)/(-4))/5. Let b = w + 60. Let x(p) = 3*p. Determine x(b).
-6
Let l(d) = d**2 - d + 3. Let v = 15 - 11. Suppose -v*w + 8*w = 12. Calculate l(w).
9
Suppose 4*c = -11 + 15, 3*q + c = 10. Let k(s) = 2*s**3 - 5*s**2 + 3*s. What is k(q)?
18
Let c(k) = k. Let u = 11 - 9. Calculate c(u).
2
Let g(x) = -4*x**2 + 4*x - 2. Suppose 12*v - 21*v + 18 = 0. Determine g(v).
-10
Let n = -1 - -4. Suppose -n*s + 1 = -5*l, -s - 9 = 5*l + 4. Let u(k) be the second derivative of -k**4/12 - k**2/2 + 1761*k. Give u(l).
-5
Let h be 22*8/96*-6. Let l(g) = g**3 + 11*g**2 + 3*g - 11. Give l(h).
-44
Let i(c) be the third derivative of -1/3*c**3 + 0*c - 29*c**2 + 1/60*c**5 + 7/24*c**4 + 0. Calculate i(-5).
-12
Let s be 4/(-16)*-4 + 3 + -4. Let w(h) = -h**3 - 2*h**2 - 3. Determine w(s).
-3
Let k(c) be the first derivative of 7*c**2/2 + 2*c + 3. Let y(n) = n**2 - n. Let l be y(-1). Determine k(l).
16
Let a(w) = -6 - 5 - 14 + w + 26. Let i = 35 - 31. Calculate a(i).
5
Let d(s) = s**2 - 6*s - 10. Let b(p) = 2*p - 10. Suppose 32 = 4*n - 2*l, -2*l - 3 = -n + 2. Let m be b(n). Give d(m).
6
Let y(t) = -t**3 - 6*t**2 - 6*t + 4. Let c be 3 - (-1)/(4/(-20)) - -12. Suppose -c = -4*d - 30. Give y(d).
9
Let o(a) = 5*a - 17. Let u be o(2). Let r(i) = -i**2 - 9*i - 9. Calculate r(u).
5
Let h(j) = -20*j - 558. Let o be h(-28). Let i(c) = c**3 + c**2 - 5*c + 3. Determine i(o).
5
Let y(s) = -s**2 - 5. Suppose h = 4*t - 60 - 3, -h = 5*t - 90. Let l = -17 + t. Determine y(l).
-5
Let o(i) = -i + 10. Suppose 5*d = -4*f + 17, 1 = 5*d - 4. Let x = -6 - -3. Let m = f + x. Determine o(m).
10
Suppose 0 = -6*o + 2*o - 3*i - 18, -4*i - 8 = 0. Let n(t) = -t**3 - 2*t**2 - 2*t - 7. Determine n(o).
8
Let g(z) = 12*z**2 + 4*z + 1. Let c(s) = -37*s**2 - 13*s - 3. Let t(v) = 2*c(v) + 7*g(v). Suppose -6 = 16*p - 10*p. Determine t(p).
9
Let u(v) = -16*v**2 - 3*v - 106. Let s(w) = -3*w**2 + w - 21. Let d(b) = -11*s(b) + 2*u(b). Determine d(14).
-23
Let d(q) = 9*q + 3. Let s = 1281 + -1280. Determine d(s).
12
Let r(l) = -3*l - 24. Let q(g) = g**3 - 27*g**2 + 46*g + 88. Let k be q(25). What is r(k)?
12
Let m(f) = 1 + 3*f**2 - f - 4*f**2 - 3*f**3 + 2*f**3 + 9. What is m(0)?
10
Suppose -3*s + 2*y = -4, 0*y + 5*y = 5. Let r(g) = g**2 + 8*g - 4*g - 2 - s. Determine r(-6).
8
Let h(i) = -i**2 - 9*i - 12. Let g be h(-6). Let z(l) be the third derivative of 0 + 0*l**3 + 1/12*l**5 - 4*l**2 + 0*l + 5/24*l**4 - 1/120*l**6. Calculate z(g).
-6
Let v be ((-5 - -2) + 4/(-2))*9. Let k = v - -45. Let g(o) = o**2 + 9. What is g(k)?
9
Let y(k) = -k**3 + 3*k**2 - 1896 + 15*k**2 + 1912. Give y(18).
16
Let c be (4 + -6)*(-1)/(-2). Let g be (-15)/20*(5 + c). Let m(f) be the second derivative of f**3/6 + f**2 + f. Give m(g).
-1
Suppose -2*i = 5*o, 5*o + 10 = -5*i + i. Suppose l + o*l = 0. Suppose l*x + 6 = -3*x. Let q(h) = 2*h + 3. Determine q(x).
-1
Suppose -54*h + 5*h + 13*h + 252 = 0. Let g(m) = 3*m - 8. Let b(c) = 7*c - 1. Let s(d) = -d. Let r(i) = b(i) + 6*s(i). Let f(q) = g(q) - 2*r(q). Calculate f(h).
1
Let x(h) = -h - 2*h + 7 - 2. Let u be (-2)/(6/(-3)) - -3. What is x(u)?
-7
Let x(s) = -s**3 - s**2 + 3*s + 1. Let b = -1 + 1. Suppose b = -2*l - l. Suppose -11 = 4*c - l*n + n, -5*c - 4*n = 22. Give x(c).
-1
Let k(d) be the first derivative of -d**2 + 55. Calculate k(5).
-10
Let a(f) = f**2 - 4*f + 2. Suppose -36 + 131 = 5*g. Let p = -15 + g. Let z be ((-4)/(-3))/(p/18). Calculate a(z).
14
Let x(l) be the first derivative of l**3/3 + 7*l**2 - 11*l - 400. What is x(-13)?
-24
Let g(y) = -y**3 - 10*y**2 + 3*y - 14. Let i(r) = -r - 7. Let f be i(3). What is g(f)?
-44
Let u(l) = 2*l**3 + 8*l**2 - 4*l - 1. Let o(n) = 3*n**3 + 6*n**2 - 2*n. Let t(h) = -4*o(h) + 3*u(h). Determine t(-1).
7
Let c(o) = -28*o**2 + o**3 + 42*o**2 - 20*o**2 + 4. Suppose 2*d = 5*d - 48. Suppose -40 = -4*s - d. Give c(s).
4
Let n(u) be the first derivative of 10 + 16*u + 1/3*u**3 - u**2. Let m(h) = h. Let j(c) = 3*m(c) + n(c). Calculate j(0).
16
Let b(j) = -2*j**2 - 2*j - 1. Suppose 0 = 4*q + 8, -2*q = 4*l + 4 - 8. Give b(l).
-13
Let s(q) = -3*q. Let n = -821 - -820. Determine s(n).
3
Let c be (19 + 2)*4/(-6). Let o = 17 + c. Let d(h) = -h**3 - 13 + 0*h**3 + h**o - h**2 - h**3. Give d(0).
-13
Let c(k) be the third derivative of 2*k**2 + 0 - 1/3*k**3 - 1/6*k**4 + 0*k. Suppose 2*m + 0 = -2*b - 6, 0 = -b + 5*m + 27. Give c(b).
-10
Let k(w) = -3*w**3 + 2*w**2 - w - 1. Let c be k(-1). Let q(d) = -11*d**2 + 8*d + 7. Let i(x) = -5*x**2 + 4*x + 3. Let o(z) = 9*i(z) - 4*q(z). What is o(c)?
-6
Let g(w) = -7*w**3 + w**2 - 2*w + 2. Let y = -386 - -387. What is g(y)?
-6
Let l be ((-26)/65)/(1/(-30)). Suppose -27 = -l*z -